 2 = 0. Let c(w) = 9*w**2 - 15*w + 76. What is the tens digit of c(p)?
3
Suppose 53*m + 13*m + 4402 = 146104. What is the tens digit of m?
4
Let k = 75943 - 35443. What is the hundreds digit of k?
5
Let g = 27 - 10. Suppose -g*i = -11*i - 396. What is the tens digit of i?
6
Suppose -j + 3*j + p = 639, -3*j + p + 956 = 0. Suppose -2*c + 373 = -j. What is the hundreds digit of c?
3
Let j = 695 - -236. Let c = -324 + j. What is the hundreds digit of c?
6
Let r(o) = 5 + 0 + 5 - 4 - 10*o. Let b = 781 - 787. What is the tens digit of r(b)?
6
Let t be (-44)/(-2) - 2/(0 - -1). Suppose -t*d = -2*f - 17*d + 434, -4*f + 872 = -5*d. What is the hundreds digit of f?
2
Let o = 74 - -463. What is the hundreds digit of 5 + o + -2 + 6?
5
Let k be -271*28/(-21)*3/2. Suppose -5*z = -3*t - 3291, -4*z = 2*t - 3166 + k. What is the hundreds digit of z?
6
Let w(v) = -v**2 + 29*v - 34. Let m be w(25). Let c = 592 - m. What is the hundreds digit of c?
5
Let l = 26583 + -13680. What is the thousands digit of l?
2
Let x be (-2)/(-9) + -3 + (-156)/(-27). Suppose -6*h + 9 = -x*h, r - 782 = 3*h. What is the tens digit of r?
9
Suppose 5*h = 2*u - 34731 - 32839, -4*h = -u + 33779. What is the hundreds digit of u?
7
Suppose 51 - 61 = 10*q. What is the units digit of (-24)/(-84) + q + (-20595)/(-21)?
0
Let x(t) = -t + 13. Let m be x(13). Suppose 5*c - 15 = o, 3*o - c - 4*c + 15 = m. Suppose -3*j + 143 + 181 = o. What is the tens digit of j?
0
Suppose -3*x + x - 3*t - 101 = 0, -5*x - 205 = -2*t. Let y = -88 - x. Let j = 140 + y. What is the tens digit of j?
9
Suppose -r - t + 9554 + 40811 = 0, 151063 = 3*r - 5*t. What is the hundreds digit of r?
3
What is the units digit of (-14 - (-7 - 3/(-3))) + 6500?
2
Suppose -b = 5*p + 14, 19 - 5 = 2*b - 4*p. Let k be (-2 - b) + -5 + 11. Suppose -3*r + 141 = k*j, 9*r + 99 = 2*j + 6*r. What is the tens digit of j?
4
Suppose -5*g + 5*z = -73 - 27, g = 2*z + 18. Let k(s) = 24*s - 195. What is the hundreds digit of k(g)?
3
Let z(j) = -2400*j + 1647. What is the units digit of z(-2)?
7
Let y = 6728 - 679. What is the thousands digit of y?
6
Let a = 12 - 9. Suppose 4*n = 4*m + 68, -4*n + n - a*m + 51 = 0. Suppose -n = -2*q + q - l, -5*l = -3*q + 75. What is the units digit of q?
0
Suppose 8*i - 10*i = 3*s - 796, 5*s = -i + 405. What is the tens digit of (-8)/((-80)/(-18))*(0 - i)?
1
Let b be -6*4/16*(-1992)/36. Suppose -78*w + b*w - 385 = 0. What is the units digit of w?
7
Suppose 12*l - a = 15*l - 30528, 0 = -5*l - 5*a + 50900. What is the ten thousands digit of l?
1
Let i(w) = 6*w**2 + 2*w + 2273. Let m be i(0). Suppose -537 = -10*x + m. What is the units digit of x?
1
Let m(q) = -q**3 - 2*q**3 + 10*q**2 - 3*q + 2*q**3 + 5. Suppose 4*a + 12 = 5*c + 19, 5*c = -a + 33. What is the hundreds digit of m(a)?
1
Let v be 1/(3/(-699)) + -2 + 7. Let g = -128 - v. What is the hundreds digit of g?
1
Let l = -205 + 121. What is the tens digit of (-935)/(-35) - 24/l?
2
What is the units digit of 20*((-7 - (-56231)/245) + 2/7)?
6
Let w(d) = d**3 - 6*d**2 - 12*d + 89. Let r be w(5). What is the units digit of 857/(r*2/8)?
7
Let n(l) = 8*l + 3. Let x be n(1). Let p = 275 - x. What is the hundreds digit of p?
2
Let k be (-6)/(((-2)/(-10))/(28/210)). Let v = 12 + -7. What is the tens digit of (k + v)*31 - 0?
3
Let w(o) = 2*o**3 - 9*o**2 + 3*o + 2. Let n be w(4). What is the tens digit of n/((-11641)/1939 - -6)?
5
Let u(m) = 10*m + 3. Let n be u(-1). Let h(f) = 16*f**2 + 17*f + 64. What is the units digit of h(n)?
9
Suppose 3*k + 2472 + 1753 = p, 8474 = 2*p + 2*k. What is the units digit of p?
4
Suppose -3*r - 1 = 11, r + 14 = 2*k. Suppose 8*y - k*y + 18 = 0. Let l(w) = w**2 - 2*w - 16. What is the tens digit of l(y)?
3
Suppose -4*o + 2*g = 138, o + 0*g + 5*g = -18. What is the units digit of (-902)/o*(20 + (-6)/3)?
2
Let c(q) = 38 - 20*q + 42*q - 16*q. Let u be c(-7). What is the units digit of (1 - (-1)/(-3))/(u/(-1206))?
1
Suppose -3*w = -j - 41643, 0 = -4*w - 333*j + 329*j + 55540. What is the tens digit of w?
8
Suppose 3*v = 5*s - 13, 4*v + 0*s = -2*s. Let a(d) = -6*d - 2. Let j be a(v). Suppose 279 = 2*y + y + 4*t, -y = -j*t - 77. What is the units digit of y?
9
Let g = 3814 + -2885. What is the units digit of g?
9
Let p(z) = -49*z + 261*z - 27 - 16 - 15. What is the tens digit of p(3)?
7
Suppose 8*r - 41258 = 3*r + 6*a, 24753 = 3*r - 3*a. What is the thousands digit of r?
8
Suppose 138 = 4*h + 86. Suppose -h*z = z - 11592. What is the units digit of z?
8
Let x = 8913 - -15277. What is the hundreds digit of x?
1
Let p(t) = 23*t**3 + 2*t**2 - 1. Let s be p(1). Suppose 36 = 3*y - s. What is the units digit of 225/2*16/y?
0
What is the ten thousands digit of (219/9 + 2)*((22 - 1) + 525)?
1
Suppose -688 = -22*v + 18*v. Let n = 292 - v. Suppose 0*c + n = 5*c. What is the units digit of c?
4
Suppose -5*i - 3*p = p, 0 = -i + 5*p. Let a be (i - 12/4) + 8. Suppose a*w = -w + 198. What is the tens digit of w?
3
Let h = -185 - -731. Suppose -4*w = 90 - h. Suppose -190 = -5*z + 5*k, z - 4*z - 3*k + w = 0. What is the units digit of z?
8
What is the thousands digit of (-25621)/(-12)*((2 - -44) + -34)?
5
Let p(b) = 322*b**3 + b**2 - 2*b + 1. Let l be p(1). Suppose h - 4*u + 190 = -2*h, -4*u = -5*h - l. What is the tens digit of (1 + -3)/(1 - h/(-60))?
2
Suppose -185*v + 186*v - 4 = 0. What is the tens digit of ((-2216)/(-32))/(v/192*4)?
3
What is the hundreds digit of (-50)/4*(285444/15)/(-18)?
2
Let y(s) = s**3 + 8*s**2 + 4*s + 15. Let j be y(-8). Let h = j - -17. Suppose -5*d + 167 + 138 = h. What is the units digit of d?
1
Suppose 61*g - 385030 = 18241. What is the tens digit of g?
1
Let u(b) = -4*b**3 + 4*b**2 + 6*b + 6. Let n be u(-3). Suppose 16*p - n = 14*p. Suppose 60*c + 1116 = p*c. What is the hundreds digit of c?
1
Suppose 21*n + 234973 - 593737 = 0. What is the ten thousands digit of n?
1
What is the thousands digit of 3/9*769125/5?
1
Let g = -36 + 35. Let y be (-280)/(-25) - (g/(-5) + 0). Suppose 0*a - a = -m - y, -5*a = 2*m - 48. What is the tens digit of a?
1
Let v(r) = r**2 - 6*r - 580. What is the ten thousands digit of v(-122)?
1
Let q(z) = -1768*z - 10020. What is the units digit of q(-7)?
6
Let r(q) = 6 - 30*q - 104*q + 29*q. Let m(j) = 20*j + 159. Let b be m(-8). What is the units digit of r(b)?
1
What is the hundreds digit of (-13 - -5 - -2056 - -4) + -3?
0
Let x(p) = p**3 - 39*p**2 + 8*p - 525. What is the units digit of x(45)?
5
What is the tens digit of ((-8)/(-16))/((-4)/(-72504))?
6
Let m = 8535 - -28458. What is the tens digit of m?
9
Let k(x) = 8*x**2 - 2 - x**2 - 5*x**2 + 2*x + 11*x. Let n be k(-7). Let m = n + 1. What is the units digit of m?
6
Let c(k) = 36*k**3 + 4*k**2 - 29*k + 75. What is the units digit of c(4)?
7
Let h be (-12)/8*(-28)/(-21) + 5. Suppose 79 = 3*f - h*b + 1, -4*f - 2*b + 128 = 0. What is the units digit of f?
0
Let k be (-5)/(75/(-12)) + 735/(-75). Let f(p) = 9*p**2 + 15*p - 36. What is the tens digit of f(k)?
5
Let m = -1975 - -3285. What is the hundreds digit of m?
3
Let f(a) = a**2 - 16*a - 50. Let m be 5*(-10)/125 + (-67)/(-5). Suppose o + 5 = 5*x + m, 0 = 2*x - 6. What is the hundreds digit of f(o)?
1
Let p be 4/(-10) - 64/40 - 83. Let x = -25 - p. What is the tens digit of x?
6
Suppose -5*g - 2*g + 21 = 0. Suppose -g*y + 4 = -s, 5*y = 2*s + 13 - 5. Suppose -5*a + 262 + 233 = y. What is the tens digit of a?
9
Let w(g) = g**2 - 25*g - 2. Let o be w(23). What is the units digit of 4*(-3747)/o + (-1)/4?
2
Suppose 7*x + 25*x - 48160 = 0. Let t = 2687 - x. What is the tens digit of t?
8
Let v be (2/(-3))/(17/(-204)). Let k be 2/(-8) - 6/v. What is the tens digit of k/(0 - (-3)/(-51))?
1
Suppose 25*g - 27*g - 3*f - 4 = 0, 0 = -5*g + 5*f - 60. Let b(v) = 14*v**2 - 35*v - 189. What is the hundreds digit of b(g)?
9
Let z = -299 - -275. What is the hundreds digit of (-86)/(-3)*(-612)/z?
7
Let p(o) be the second derivative of o**5/20 - 2*o**4 + 15*o**3/2 + 13*o**2 - 24*o. What is the tens digit of p(22)?
4
Let x be ((-94)/(-5))/(-7 + 355/50). Let d = x + -120. What is the tens digit of d?
6
Let t(m) = -2*m + 15. Let c be t(6). Suppose 3*j = 5*y - 2004 + 112, -364 = -y - c*j. Suppose f - 3*l = 84, -4*f + l = -3*l - y. What is the tens digit of f?
9
Let v(l) = 79*l - 342. Let c be v(40). Let k = -1399 + c. What is the tho